{"id":739,"date":"2012-04-17T13:43:22","date_gmt":"2012-04-17T13:43:22","guid":{"rendered":"http:\/\/ecliente2.com.br\/site\/wp-content\/uploads\/2012\/04\/IMG_0891.jpg"},"modified":"2012-04-17T13:43:22","modified_gmt":"2012-04-17T13:43:22","slug":"img_0891","status":"inherit","type":"attachment","link":"https:\/\/ecliente2.com.br\/site\/fotos-do-evento-fotografar-2012-participacao-da-ecliente-no-forum-brasileiro-de-empresas-de-formatura\/img_0891\/","title":{"rendered":"Mesa Redonda"},"author":2,"featured_media":0,"comment_status":"open","ping_status":"closed","template":"","meta":{"_acf_changed":false},"class_list":["post-739","attachment","type-attachment","status-inherit","hentry"],"acf":[],"yoast_head":"<!-- This site is optimized with the Yoast SEO plugin v27.5 - https:\/\/yoast.com\/product\/yoast-seo-wordpress\/ -->\n<title>Mesa Redonda - eCliente Desenvolvimento de Sites e Marketing Digital<\/title>\n<meta name=\"robots\" content=\"index, follow, max-snippet:-1, max-image-preview:large, max-video-preview:-1\" \/>\n<link rel=\"canonical\" href=\"https:\/\/ecliente2.com.br\/site\/wp-content\/uploads\/2012\/04\/IMG_0891.jpg\" \/>\n<meta property=\"og:locale\" content=\"pt_BR\" \/>\n<meta property=\"og:type\" content=\"article\" \/>\n<meta property=\"og:title\" content=\"Mesa Redonda - eCliente Desenvolvimento de Sites e Marketing Digital\" \/>\n<meta property=\"og:url\" content=\"https:\/\/ecliente2.com.br\/site\/wp-content\/uploads\/2012\/04\/IMG_0891.jpg\" \/>\n<meta property=\"og:site_name\" content=\"eCliente Desenvolvimento de Sites e Marketing Digital\" \/>\n<meta property=\"article:publisher\" content=\"https:\/\/www.facebook.com\/ecliente\" \/>\n<meta property=\"og:image\" content=\"https:\/\/ecliente2.com.br\/site\/wp-content\/uploads\/2012\/04\/IMG_0891-1024x682.jpg\" \/>\n\t<meta property=\"og:image:width\" content=\"1024\" \/>\n\t<meta property=\"og:image:height\" content=\"682\" \/>\n\t<meta property=\"og:image:type\" content=\"image\/jpeg\" \/>\n<script type=\"application\/ld+json\" class=\"yoast-schema-graph\">{\"@context\":\"https:\\\/\\\/schema.org\",\"@graph\":[{\"@type\":\"WebPage\",\"@id\":\"https:\\\/\\\/ecliente2.com.br\\\/site\\\/wp-content\\\/uploads\\\/2012\\\/04\\\/IMG_0891.jpg\",\"url\":\"https:\\\/\\\/ecliente2.com.br\\\/site\\\/wp-content\\\/uploads\\\/2012\\\/04\\\/IMG_0891.jpg\",\"name\":\"Mesa Redonda - eCliente Desenvolvimento de Sites e Marketing Digital\",\"isPartOf\":{\"@id\":\"https:\\\/\\\/ecliente2.com.br\\\/site\\\/#website\"},\"datePublished\":\"2012-04-17T13:43:22+00:00\",\"breadcrumb\":{\"@id\":\"https:\\\/\\\/ecliente2.com.br\\\/site\\\/wp-content\\\/uploads\\\/2012\\\/04\\\/IMG_0891.jpg#breadcrumb\"},\"inLanguage\":\"pt-BR\",\"potentialAction\":[{\"@type\":\"ReadAction\",\"target\":[\"https:\\\/\\\/ecliente2.com.br\\\/site\\\/wp-content\\\/uploads\\\/2012\\\/04\\\/IMG_0891.jpg\"]}]},{\"@type\":\"BreadcrumbList\",\"@id\":\"https:\\\/\\\/ecliente2.com.br\\\/site\\\/wp-content\\\/uploads\\\/2012\\\/04\\\/IMG_0891.jpg#breadcrumb\",\"itemListElement\":[{\"@type\":\"ListItem\",\"position\":1,\"name\":\"In\u00edcio\",\"item\":\"https:\\\/\\\/ecliente2.com.br\\\/site\\\/\"},{\"@type\":\"ListItem\",\"position\":2,\"name\":\"Fotos do Evento Fotografar 2012: participa\u00e7\u00e3o da eCliente no F\u00f3rum Brasileiro de Empresas de Formatura\",\"item\":\"https:\\\/\\\/ecliente2.com.br\\\/site\\\/fotos-do-evento-fotografar-2012-participacao-da-ecliente-no-forum-brasileiro-de-empresas-de-formatura\\\/\"},{\"@type\":\"ListItem\",\"position\":3,\"name\":\"Mesa Redonda\"}]},{\"@type\":\"WebSite\",\"@id\":\"https:\\\/\\\/ecliente2.com.br\\\/site\\\/#website\",\"url\":\"https:\\\/\\\/ecliente2.com.br\\\/site\\\/\",\"name\":\"eCliente Desenvolvimento de Sites e Marketing Digital\",\"description\":\"Desenvolvimento de Sites e Software\",\"potentialAction\":[{\"@type\":\"SearchAction\",\"target\":{\"@type\":\"EntryPoint\",\"urlTemplate\":\"https:\\\/\\\/ecliente2.com.br\\\/site\\\/?s={search_term_string}\"},\"query-input\":{\"@type\":\"PropertyValueSpecification\",\"valueRequired\":true,\"valueName\":\"search_term_string\"}}],\"inLanguage\":\"pt-BR\"}]}<\/script>\n<!-- \/ Yoast SEO plugin. -->","yoast_head_json":{"title":"Mesa Redonda - eCliente Desenvolvimento de Sites e Marketing Digital","robots":{"index":"index","follow":"follow","max-snippet":"max-snippet:-1","max-image-preview":"max-image-preview:large","max-video-preview":"max-video-preview:-1"},"canonical":"https:\/\/ecliente2.com.br\/site\/wp-content\/uploads\/2012\/04\/IMG_0891.jpg","og_locale":"pt_BR","og_type":"article","og_title":"Mesa Redonda - eCliente Desenvolvimento de Sites e Marketing Digital","og_url":"https:\/\/ecliente2.com.br\/site\/wp-content\/uploads\/2012\/04\/IMG_0891.jpg","og_site_name":"eCliente Desenvolvimento de Sites e Marketing Digital","article_publisher":"https:\/\/www.facebook.com\/ecliente","og_image":[{"width":1024,"height":682,"url":"https:\/\/ecliente2.com.br\/site\/wp-content\/uploads\/2012\/04\/IMG_0891-1024x682.jpg","type":"image\/jpeg"}],"schema":{"@context":"https:\/\/schema.org","@graph":[{"@type":"WebPage","@id":"https:\/\/ecliente2.com.br\/site\/wp-content\/uploads\/2012\/04\/IMG_0891.jpg","url":"https:\/\/ecliente2.com.br\/site\/wp-content\/uploads\/2012\/04\/IMG_0891.jpg","name":"Mesa Redonda - eCliente Desenvolvimento de Sites e Marketing Digital","isPartOf":{"@id":"https:\/\/ecliente2.com.br\/site\/#website"},"datePublished":"2012-04-17T13:43:22+00:00","breadcrumb":{"@id":"https:\/\/ecliente2.com.br\/site\/wp-content\/uploads\/2012\/04\/IMG_0891.jpg#breadcrumb"},"inLanguage":"pt-BR","potentialAction":[{"@type":"ReadAction","target":["https:\/\/ecliente2.com.br\/site\/wp-content\/uploads\/2012\/04\/IMG_0891.jpg"]}]},{"@type":"BreadcrumbList","@id":"https:\/\/ecliente2.com.br\/site\/wp-content\/uploads\/2012\/04\/IMG_0891.jpg#breadcrumb","itemListElement":[{"@type":"ListItem","position":1,"name":"In\u00edcio","item":"https:\/\/ecliente2.com.br\/site\/"},{"@type":"ListItem","position":2,"name":"Fotos do Evento Fotografar 2012: participa\u00e7\u00e3o da eCliente no F\u00f3rum Brasileiro de Empresas de Formatura","item":"https:\/\/ecliente2.com.br\/site\/fotos-do-evento-fotografar-2012-participacao-da-ecliente-no-forum-brasileiro-de-empresas-de-formatura\/"},{"@type":"ListItem","position":3,"name":"Mesa Redonda"}]},{"@type":"WebSite","@id":"https:\/\/ecliente2.com.br\/site\/#website","url":"https:\/\/ecliente2.com.br\/site\/","name":"eCliente Desenvolvimento de Sites e Marketing Digital","description":"Desenvolvimento de Sites e Software","potentialAction":[{"@type":"SearchAction","target":{"@type":"EntryPoint","urlTemplate":"https:\/\/ecliente2.com.br\/site\/?s={search_term_string}"},"query-input":{"@type":"PropertyValueSpecification","valueRequired":true,"valueName":"search_term_string"}}],"inLanguage":"pt-BR"}]}},"description":{"rendered":"<p class=\"attachment\"><a href='https:\/\/ecliente2.com.br\/site\/wp-content\/uploads\/2012\/04\/IMG_0891.jpg'><img fetchpriority=\"high\" decoding=\"async\" width=\"300\" height=\"200\" src=\"https:\/\/ecliente2.com.br\/site\/wp-content\/uploads\/2012\/04\/IMG_0891-300x200.jpg\" class=\"attachment-medium size-medium\" alt=\"\" srcset=\"https:\/\/ecliente2.com.br\/site\/wp-content\/uploads\/2012\/04\/IMG_0891-300x200.jpg 300w, https:\/\/ecliente2.com.br\/site\/wp-content\/uploads\/2012\/04\/IMG_0891-1024x682.jpg 1024w\" sizes=\"(max-width: 300px) 100vw, 300px\" \/><\/a><\/p>\n"},"caption":{"rendered":""},"alt_text":"","media_type":"image","mime_type":"image\/jpeg","media_details":{"width":"5184","height":"3456","hwstring_small":"height='85' width='128'","file":"2012\/04\/IMG_0891.jpg","sizes":{"thumbnail":{"file":"IMG_0891-150x150.jpg","width":"150","height":"150","source_url":"https:\/\/ecliente2.com.br\/site\/wp-content\/uploads\/2012\/04\/IMG_0891-150x150.jpg"},"medium":{"file":"IMG_0891-300x200.jpg","width":"300","height":"200","source_url":"https:\/\/ecliente2.com.br\/site\/wp-content\/uploads\/2012\/04\/IMG_0891-300x200.jpg"},"large":{"file":"IMG_0891-1024x682.jpg","width":"1024","height":"682","source_url":"https:\/\/ecliente2.com.br\/site\/wp-content\/uploads\/2012\/04\/IMG_0891-1024x682.jpg"},"post-thumbnail":{"file":"IMG_0891-300x200.jpg","width":"300","height":"200","source_url":"https:\/\/ecliente2.com.br\/site\/wp-content\/uploads\/2012\/04\/IMG_0891-300x200.jpg"},"full":{"file":"IMG_0891.jpg","width":5184,"height":3456,"mime_type":"image\/jpeg","source_url":"https:\/\/ecliente2.com.br\/site\/wp-content\/uploads\/2012\/04\/IMG_0891.jpg"}},"image_meta":{"aperture":"5.6","credit":"","camera":"Canon EOS REBEL T2i","caption":"","created_timestamp":"1334590435","copyright":"","focal_length":"21","iso":"1250","shutter_speed":"0.025","title":""}},"post":736,"source_url":"https:\/\/ecliente2.com.br\/site\/wp-content\/uploads\/2012\/04\/IMG_0891.jpg","_links":{"self":[{"href":"https:\/\/ecliente2.com.br\/site\/wp-json\/wp\/v2\/media\/739","targetHints":{"allow":["GET"]}}],"collection":[{"href":"https:\/\/ecliente2.com.br\/site\/wp-json\/wp\/v2\/media"}],"about":[{"href":"https:\/\/ecliente2.com.br\/site\/wp-json\/wp\/v2\/types\/attachment"}],"author":[{"embeddable":true,"href":"https:\/\/ecliente2.com.br\/site\/wp-json\/wp\/v2\/users\/2"}],"replies":[{"embeddable":true,"href":"https:\/\/ecliente2.com.br\/site\/wp-json\/wp\/v2\/comments?post=739"}],"wp:attached-to":[{"embeddable":true,"post_type":"post","id":736,"href":"https:\/\/ecliente2.com.br\/site\/wp-json\/wp\/v2\/posts\/736"}],"curies":[{"name":"wp","href":"https:\/\/api.w.org\/{rel}","templated":true}]}}

<!-- This site is optimized with the Yoast SEO plugin v27.5 - https://yoast.com/product/yoast-seo-wordpress/ -->
<title>Mesa Redonda - eCliente Desenvolvimento de Sites e Marketing Digital</title>
<meta name="robots" content="index, follow, max-snippet:-1, max-image-preview:large, max-video-preview:-1" />
<link rel="canonical" href="https://ecliente2.com.br/site/wp-content/uploads/2012/04/IMG_0891.jpg" />
<meta property="og:locale" content="pt_BR" />
<meta property="og:type" content="article" />
<meta property="og:title" content="Mesa Redonda - eCliente Desenvolvimento de Sites e Marketing Digital" />
<meta property="og:url" content="https://ecliente2.com.br/site/wp-content/uploads/2012/04/IMG_0891.jpg" />
<meta property="og:site_name" content="eCliente Desenvolvimento de Sites e Marketing Digital" />
<meta property="article:publisher" content="https://www.facebook.com/ecliente" />
<meta property="og:image" content="https://ecliente2.com.br/site/wp-content/uploads/2012/04/IMG_0891-1024x682.jpg" />
	<meta property="og:image:width" content="1024" />
	<meta property="og:image:height" content="682" />
	<meta property="og:image:type" content="image/jpeg" />
<script type="application/ld+json" class="yoast-schema-graph">{"@context":"https:\/\/schema.org","@graph":[{"@type":"WebPage","@id":"https:\/\/ecliente2.com.br\/site\/wp-content\/uploads\/2012\/04\/IMG_0891.jpg","url":"https:\/\/ecliente2.com.br\/site\/wp-content\/uploads\/2012\/04\/IMG_0891.jpg","name":"Mesa Redonda - eCliente Desenvolvimento de Sites e Marketing Digital","isPartOf":{"@id":"https:\/\/ecliente2.com.br\/site\/#website"},"datePublished":"2012-04-17T13:43:22+00:00","breadcrumb":{"@id":"https:\/\/ecliente2.com.br\/site\/wp-content\/uploads\/2012\/04\/IMG_0891.jpg#breadcrumb"},"inLanguage":"pt-BR","potentialAction":[{"@type":"ReadAction","target":["https:\/\/ecliente2.com.br\/site\/wp-content\/uploads\/2012\/04\/IMG_0891.jpg"]}]},{"@type":"BreadcrumbList","@id":"https:\/\/ecliente2.com.br\/site\/wp-content\/uploads\/2012\/04\/IMG_0891.jpg#breadcrumb","itemListElement":[{"@type":"ListItem","position":1,"name":"Início","item":"https:\/\/ecliente2.com.br\/site\/"},{"@type":"ListItem","position":2,"name":"Fotos do Evento Fotografar 2012: participação da eCliente no Fórum Brasileiro de Empresas de Formatura","item":"https:\/\/ecliente2.com.br\/site\/fotos-do-evento-fotografar-2012-participacao-da-ecliente-no-forum-brasileiro-de-empresas-de-formatura\/"},{"@type":"ListItem","position":3,"name":"Mesa Redonda"}]},{"@type":"WebSite","@id":"https:\/\/ecliente2.com.br\/site\/#website","url":"https:\/\/ecliente2.com.br\/site\/","name":"eCliente Desenvolvimento de Sites e Marketing Digital","description":"Desenvolvimento de Sites e Software","potentialAction":[{"@type":"SearchAction","target":{"@type":"EntryPoint","urlTemplate":"https:\/\/ecliente2.com.br\/site\/?s={search_term_string}"},"query-input":{"@type":"PropertyValueSpecification","valueRequired":true,"valueName":"search_term_string"}}],"inLanguage":"pt-BR"}]}</script>
<!-- / Yoast SEO plugin. -->

Início

Fotos do Evento Fotografar 2012: participação da eCliente no Fórum Brasileiro de Empresas de Formatura
